{"id":8802,"date":"2024-03-19T01:54:45","date_gmt":"2024-03-19T01:54:45","guid":{"rendered":"https:\/\/recoverfisioterapia.com\/?page_id=8802"},"modified":"2024-03-19T01:58:33","modified_gmt":"2024-03-19T01:58:33","slug":"reeducacion-postural","status":"publish","type":"page","link":"https:\/\/recoverfisioterapia.com\/es\/reeducacion-postural\/","title":{"rendered":"Reeducaci\u00f3n Postural"},"content":{"rendered":"\t\t<div data-elementor-type=\"wp-page\" data-elementor-id=\"8802\" class=\"elementor elementor-8802\">\n\t\t\t\t\t\t<section class=\"elementor-section elementor-top-section elementor-element elementor-element-e4a83f1 elementor-section-boxed elementor-section-height-default elementor-section-height-default\" data-id=\"e4a83f1\" data-element_type=\"section\">\n\t\t\t\t\t\t<div class=\"elementor-container elementor-column-gap-default\">\n\t\t\t\t\t<div class=\"elementor-column elementor-col-100 elementor-top-column elementor-element elementor-element-0d28837\" data-id=\"0d28837\" data-element_type=\"column\">\n\t\t\t<div class=\"elementor-widget-wrap elementor-element-populated\">\n\t\t\t\t\t\t<div class=\"elementor-element elementor-element-173964f elementor-widget elementor-widget-image\" data-id=\"173964f\" data-element_type=\"widget\" data-widget_type=\"image.default\">\n\t\t\t\t<div class=\"elementor-widget-container\">\n\t\t\t<style>\/*! elementor - v3.20.0 - 11-03-2024 *\/\n.elementor-widget-image{text-align:center}.elementor-widget-image a{display:inline-block}.elementor-widget-image a img[src$=\".svg\"]{width:48px}.elementor-widget-image img{vertical-align:middle;display:inline-block}<\/style>\t\t\t\t\t\t\t\t\t\t<img fetchpriority=\"high\" decoding=\"async\" width=\"1024\" height=\"400\" src=\"https:\/\/recoverfisioterapia.com\/wp-content\/uploads\/2024\/03\/Reeducacion-Postural-1280x500-1-1024x400.webp\" class=\"attachment-large size-large wp-image-8803\" alt=\"\" srcset=\"https:\/\/recoverfisioterapia.com\/wp-content\/uploads\/2024\/03\/Reeducacion-Postural-1280x500-1-1024x400.webp 1024w, https:\/\/recoverfisioterapia.com\/wp-content\/uploads\/2024\/03\/Reeducacion-Postural-1280x500-1-300x117.webp 300w, https:\/\/recoverfisioterapia.com\/wp-content\/uploads\/2024\/03\/Reeducacion-Postural-1280x500-1-768x300.webp 768w, https:\/\/recoverfisioterapia.com\/wp-content\/uploads\/2024\/03\/Reeducacion-Postural-1280x500-1-18x7.webp 18w, https:\/\/recoverfisioterapia.com\/wp-content\/uploads\/2024\/03\/Reeducacion-Postural-1280x500-1-600x234.webp 600w, https:\/\/recoverfisioterapia.com\/wp-content\/uploads\/2024\/03\/Reeducacion-Postural-1280x500-1.webp 1280w\" sizes=\"(max-width: 1024px) 100vw, 1024px\" \/>\t\t\t\t\t\t\t\t\t\t\t\t\t<\/div>\n\t\t\t\t<\/div>\n\t\t\t\t\t<\/div>\n\t\t<\/div>\n\t\t\t\t\t<\/div>\n\t\t<\/section>\n\t\t\t\t<section class=\"elementor-section elementor-top-section elementor-element elementor-element-1a8863a elementor-section-boxed elementor-section-height-default elementor-section-height-default\" data-id=\"1a8863a\" data-element_type=\"section\">\n\t\t\t\t\t\t<div class=\"elementor-container elementor-column-gap-default\">\n\t\t\t\t\t<div class=\"elementor-column elementor-col-100 elementor-top-column elementor-element elementor-element-87f16e2\" data-id=\"87f16e2\" data-element_type=\"column\">\n\t\t\t<div class=\"elementor-widget-wrap elementor-element-populated\">\n\t\t\t\t\t\t<div class=\"elementor-element elementor-element-56b6d81 elementor-widget elementor-widget-text-editor\" data-id=\"56b6d81\" data-element_type=\"widget\" data-widget_type=\"text-editor.default\">\n\t\t\t\t<div class=\"elementor-widget-container\">\n\t\t\t<style>\/*! elementor - v3.20.0 - 11-03-2024 *\/\n.elementor-widget-text-editor.elementor-drop-cap-view-stacked .elementor-drop-cap{background-color:#69727d;color:#fff}.elementor-widget-text-editor.elementor-drop-cap-view-framed .elementor-drop-cap{color:#69727d;border:3px solid;background-color:transparent}.elementor-widget-text-editor:not(.elementor-drop-cap-view-default) .elementor-drop-cap{margin-top:8px}.elementor-widget-text-editor:not(.elementor-drop-cap-view-default) .elementor-drop-cap-letter{width:1em;height:1em}.elementor-widget-text-editor .elementor-drop-cap{float:left;text-align:center;line-height:1;font-size:50px}.elementor-widget-text-editor .elementor-drop-cap-letter{display:inline-block}<\/style>\t\t\t\t<h1>\u00bfQu\u00e9 es la restauraci\u00f3n postural?<\/h1><p>La restauraci\u00f3n postural se centra en varios aspectos clave que relacionan las disfunciones posturales con la interferencia y el da\u00f1o en las cadenas poliarticulares, entre ellos:<\/p><ul><li>Funci\u00f3n asim\u00e9trica<\/li><li>Hipertonicidad<\/li><li>Principios ortop\u00e9dicos neuromusculares<\/li><li>Reconocimiento de m\u00fasculos sist\u00e9micos alterados<\/li><li>Cadenas musculares poliarticulares<\/li><li>Plasticidad hemisf\u00e9rica<\/li><li>Lateralizaci\u00f3n funcional regulatoria<\/li><li>Funci\u00f3n patr\u00f3n compensatoria unilateral<\/li><li>Enfoque multifac\u00e9tico del tratamiento no lineal<\/li><li>Inhibici\u00f3n desequilibrada frente a fortalecimiento equilibrado<\/li><\/ul><p>\u00a0<\/p><h1>\u00bfQu\u00e9 esperar con el tratamiento de fisioterapia?<\/h1><p>En su cita inicial, se someter\u00e1 a una evaluaci\u00f3n exhaustiva. Su evaluaci\u00f3n evaluar\u00e1 sus disfunciones posturales, adaptaciones asim\u00e9tricas, interferencias en su cadena poliarticular y s\u00edntomas acompa\u00f1antes. Despu\u00e9s de su evaluaci\u00f3n, uno de nuestros fisioterapeutas crear\u00e1 un plan de tratamiento individualizado basado en sus necesidades espec\u00edficas, para ayudarlo a lograr la restauraci\u00f3n postural.<\/p>\t\t\t\t\t\t<\/div>\n\t\t\t\t<\/div>\n\t\t\t\t\t<\/div>\n\t\t<\/div>\n\t\t\t\t\t<\/div>\n\t\t<\/section>\n\t\t\t\t<\/div>\n\t\t","protected":false},"excerpt":{"rendered":"<p>\u00bfQu\u00e9 es la restauraci\u00f3n postural? La restauraci\u00f3n postural se centra en varios aspectos clave que relacionan las disfunciones posturales con la interferencia y el da\u00f1o en las cadenas poliarticulares, entre ellos: Funci\u00f3n asim\u00e9trica Hipertonicidad Principios ortop\u00e9dicos neuromusculares Reconocimiento de m\u00fasculos sist\u00e9micos alterados Cadenas musculares poliarticulares Plasticidad hemisf\u00e9rica Lateralizaci\u00f3n funcional regulatoria Funci\u00f3n patr\u00f3n compensatoria unilateral Enfoque [&hellip;]<\/p>\n","protected":false},"author":1,"featured_media":8803,"parent":0,"menu_order":0,"comment_status":"closed","ping_status":"closed","template":"","meta":{"_acf_changed":false,"_joinchat":[],"footnotes":""},"class_list":["post-8802","page","type-page","status-publish","has-post-thumbnail","hentry"],"acf":[],"_links":{"self":[{"href":"https:\/\/recoverfisioterapia.com\/es\/wp-json\/wp\/v2\/pages\/8802","targetHints":{"allow":["GET"]}}],"collection":[{"href":"https:\/\/recoverfisioterapia.com\/es\/wp-json\/wp\/v2\/pages"}],"about":[{"href":"https:\/\/recoverfisioterapia.com\/es\/wp-json\/wp\/v2\/types\/page"}],"author":[{"embeddable":true,"href":"https:\/\/recoverfisioterapia.com\/es\/wp-json\/wp\/v2\/users\/1"}],"replies":[{"embeddable":true,"href":"https:\/\/recoverfisioterapia.com\/es\/wp-json\/wp\/v2\/comments?post=8802"}],"version-history":[{"count":4,"href":"https:\/\/recoverfisioterapia.com\/es\/wp-json\/wp\/v2\/pages\/8802\/revisions"}],"predecessor-version":[{"id":8807,"href":"https:\/\/recoverfisioterapia.com\/es\/wp-json\/wp\/v2\/pages\/8802\/revisions\/8807"}],"wp:featuredmedia":[{"embeddable":true,"href":"https:\/\/recoverfisioterapia.com\/es\/wp-json\/wp\/v2\/media\/8803"}],"wp:attachment":[{"href":"https:\/\/recoverfisioterapia.com\/es\/wp-json\/wp\/v2\/media?parent=8802"}],"curies":[{"name":"wp","href":"https:\/\/api.w.org\/{rel}","templated":true}]}}

Reeducación Postural

<div data-elementor-type="wp-page" data-elementor-id="8802" class="elementor elementor-8802">
						<section class="elementor-section elementor-top-section elementor-element elementor-element-e4a83f1 elementor-section-boxed elementor-section-height-default elementor-section-height-default" data-id="e4a83f1" data-element_type="section">
						<div class="elementor-container elementor-column-gap-default">
					<div class="elementor-column elementor-col-100 elementor-top-column elementor-element elementor-element-0d28837" data-id="0d28837" data-element_type="column">
			<div class="elementor-widget-wrap elementor-element-populated">
						<div class="elementor-element elementor-element-173964f elementor-widget elementor-widget-image" data-id="173964f" data-element_type="widget" data-widget_type="image.default">
				<div class="elementor-widget-container">
			<style>/*! elementor - v3.20.0 - 11-03-2024 */
.elementor-widget-image{text-align:center}.elementor-widget-image a{display:inline-block}.elementor-widget-image a img[src$=".svg"]{width:48px}.elementor-widget-image img{vertical-align:middle;display:inline-block}</style>										<img fetchpriority="high" decoding="async" width="1024" height="400" src="https://recoverfisioterapia.com/wp-content/uploads/2024/03/Reeducacion-Postural-1280x500-1-1024x400.webp" class="attachment-large size-large wp-image-8803" alt="" srcset="https://recoverfisioterapia.com/wp-content/uploads/2024/03/Reeducacion-Postural-1280x500-1-1024x400.webp 1024w, https://recoverfisioterapia.com/wp-content/uploads/2024/03/Reeducacion-Postural-1280x500-1-300x117.webp 300w, https://recoverfisioterapia.com/wp-content/uploads/2024/03/Reeducacion-Postural-1280x500-1-768x300.webp 768w, https://recoverfisioterapia.com/wp-content/uploads/2024/03/Reeducacion-Postural-1280x500-1-18x7.webp 18w, https://recoverfisioterapia.com/wp-content/uploads/2024/03/Reeducacion-Postural-1280x500-1-600x234.webp 600w, https://recoverfisioterapia.com/wp-content/uploads/2024/03/Reeducacion-Postural-1280x500-1.webp 1280w" sizes="(max-width: 1024px) 100vw, 1024px" />													</div>
				</div>
					</div>
		</div>
					</div>
		</section>
				<section class="elementor-section elementor-top-section elementor-element elementor-element-1a8863a elementor-section-boxed elementor-section-height-default elementor-section-height-default" data-id="1a8863a" data-element_type="section">
						<div class="elementor-container elementor-column-gap-default">
					<div class="elementor-column elementor-col-100 elementor-top-column elementor-element elementor-element-87f16e2" data-id="87f16e2" data-element_type="column">
			<div class="elementor-widget-wrap elementor-element-populated">
						<div class="elementor-element elementor-element-56b6d81 elementor-widget elementor-widget-text-editor" data-id="56b6d81" data-element_type="widget" data-widget_type="text-editor.default">
				<div class="elementor-widget-container">
			<style>/*! elementor - v3.20.0 - 11-03-2024 */
.elementor-widget-text-editor.elementor-drop-cap-view-stacked .elementor-drop-cap{background-color:#69727d;color:#fff}.elementor-widget-text-editor.elementor-drop-cap-view-framed .elementor-drop-cap{color:#69727d;border:3px solid;background-color:transparent}.elementor-widget-text-editor:not(.elementor-drop-cap-view-default) .elementor-drop-cap{margin-top:8px}.elementor-widget-text-editor:not(.elementor-drop-cap-view-default) .elementor-drop-cap-letter{width:1em;height:1em}.elementor-widget-text-editor .elementor-drop-cap{float:left;text-align:center;line-height:1;font-size:50px}.elementor-widget-text-editor .elementor-drop-cap-letter{display:inline-block}</style>				<h1>¿Qué es la restauración postural?</h1><p>La restauración postural se centra en varios aspectos clave que relacionan las disfunciones posturales con la interferencia y el daño en las cadenas poliarticulares, entre ellos:</p><ul><li>Función asimétrica</li><li>Hipertonicidad</li><li>Principios ortopédicos neuromusculares</li><li>Reconocimiento de músculos sistémicos alterados</li><li>Cadenas musculares poliarticulares</li><li>Plasticidad hemisférica</li><li>Lateralización funcional regulatoria</li><li>Función patrón compensatoria unilateral</li><li>Enfoque multifacético del tratamiento no lineal</li><li>Inhibición desequilibrada frente a fortalecimiento equilibrado</li></ul><p> </p><h1>¿Qué esperar con el tratamiento de fisioterapia?</h1><p>En su cita inicial, se someterá a una evaluación exhaustiva. Su evaluación evaluará sus disfunciones posturales, adaptaciones asimétricas, interferencias en su cadena poliarticular y síntomas acompañantes. Después de su evaluación, uno de nuestros fisioterapeutas creará un plan de tratamiento individualizado basado en sus necesidades específicas, para ayudarlo a lograr la restauración postural.</p>						</div>
				</div>
					</div>
		</div>
					</div>
		</section>
				</div>

<p>¿Qué es la restauración postural? La restauración postural se centra en varios aspectos clave que relacionan las disfunciones posturales con la interferencia y el daño en las cadenas poliarticulares, entre ellos: Función asimétrica Hipertonicidad Principios ortopédicos neuromusculares Reconocimiento de músculos sistémicos alterados Cadenas musculares poliarticulares Plasticidad hemisférica Lateralización funcional regulatoria Función patrón compensatoria unilateral Enfoque [&hellip;]</p>
